te r(2).
169
Let j(f) = -f**2 + 2999*f - 17946. Calculate j(6).
12
Let t(y) = -y**3 - 8*y**2 - 16*y + 10. Determine t(-7).
73
Let w(d) = 146*d + 1174. Give w(-8).
6
Let z(r) = r**3 - 5*r**2 + 134*r - 400. Give z(3).
-16
Let y(d) = -3*d**3 + 26*d**2 + 50*d + 6. Give y(10).
106
Let v(u) = -4*u - 56. Determine v(0).
-56
Let u(m) = 1354*m + 1305. Determine u(-1).
-49
Let p(y) = 5*y**2 + y + 3. What is p(0)?
3
Let v(n) = 157*n + 13078. Determine v(-83).
47
Let x(k) = k**3 + 59*k**2 - 260*k - 518. Give x(-63).
-14
Let v(k) = k**3 + 45*k**2 + 163*k - 43. Calculate v(-41).
-2
Let f(l) = -24*l + 12. Give f(2).
-36
Let k(n) = -2*n**3 + 19*n**2 - 7*n - 22. What is k(8)?
114
Let r(o) = 71*o + 5912. Calculate r(-83).
19
Let k(j) = j**3 + 7*j**2 - 15*j - 157. Determine k(-6).
-31
Let g(s) = -s**2 + 25*s - 58. Give g(3).
8
Let v(l) = -483*l + 3770. Determine v(8).
-94
Let q(r) = 948*r + 13233. Give q(-14).
-39
Let x(d) = d**3 - 13*d**2 - 71*d + 808. Calculate x(14).
10
Let u(o) = -o**3 + 6*o**2 + 422*o - 2909. Give u(7).
-4
Let l(r) = 3*r**3 - 25*r**2 - 2*r - 1. What is l(7)?
-211
Let p(a) = 1211*a**2 - 3628*a - 9. Give p(3).
6
Let s(d) = -476*d - 6241. Give s(-13).
-53
Let q(i) = -2*i**2 + 12*i - 60. Determine q(4).
-44
Let f(u) = 155*u - 1827. What is f(10)?
-277
Let v(p) = -186*p + 4430. Give v(24).
-34
Let d(n) = 54*n + 1120. Determine d(-13).
418
Let m(p) = 44*p - 5. What is m(1)?
39
Let v(h) = -374*h + 4510. What is v(12)?
22
Let r(f) = f**2 + 29*f - 26. What is r(-26)?
-104
Let s(k) = 3*k**3 + 122*k**2 - 63*k - 900. Give s(-41).
2
Let n(f) = 2*f**2 + 18*f + 49. Give n(-4).
9
Let w(b) = -4965*b - 39726. Calculate w(-8).
-6
Let x(g) = -8*g + 147. Determine x(29).
-85
Let w(j) = 18*j**2 + 147*j + 23. Determine w(-8).
-1
Let y(l) = -l**3 + 7*l**2 + 37*l + 243. Calculate y(12).
-33
Let q(j) = -j**3 - 6*j**2 - 31. Give q(-7).
18
Let i(v) = v**2 + 56*v - 199. Calculate i(-21).
-934
Let r(k) = -10*k**2 + 190*k + 59. Give r(20).
-141
Let p(q) = 20*q + 107. Determine p(4).
187
Let o(t) = t**3 + 6*t**2 + 216*t + 1326. What is o(-6)?
30
Let f(l) = -l**3 - 125*l**2 + 786*l + 147. What is f(-131)?
147
Let m(i) = -i**3 + 26*i**2 + 69*i - 91. Give m(28).
273
Let p(x) = -9*x**2 + 149*x + 94. Determine p(17).
26
Let m(w) = -w**3 - 9*w**2 + 7*w - 12. Calculate m(-10).
18
Let s(j) = -843*j + 15251. Determine s(18).
77
Let s(d) = -238*d + 2130. Determine s(9).
-12
Let j(a) = -5*a**3 + 232*a**2 - 92*a. What is j(46)?
0
Let f(a) = 2*a**2 + 61*a - 2728. What is f(-57)?
293
Let m(x) = 14*x**2 + 23*x - 58. Give m(2).
44
Let x(d) = 3201*d + 9609. Calculate x(-3).
6
Let z(y) = -973*y - 4861. Calculate z(-5).
4
Let r(q) = 336*q - 10060. Calculate r(30).
20
Let m(s) = 37*s + 132. Give m(-4).
-16
Let z(l) = 662*l - 1982. Give z(3).
4
Let w(o) = -11*o - 293. What is w(-22)?
-51
Let h(f) = -2*f**3 - 26*f**2 - 15*f - 14. Give h(-12).
-122
Let a(o) = 12*o + 234. Give a(-22).
-30
Let n(d) = -14*d + 184. Determine n(4).
128
Let b(n) = -9*n - 204. Determine b(-20).
-24
Let z(c) = 22*c**2 + 15*c + 8. What is z(-2)?
66
Let t(i) = -i**3 + 21*i**2 - 56*i + 42. Give t(18).
6
Let g(t) = 451*t + 2514. Determine g(-6).
-192
Let f(d) = -d**2 - 5*d - 119. Determine f(-10).
-169
Let n(a) = -4*a**2 - 97*a - 318. Give n(-4).
6
Let v(r) = 13*r + 215. Give v(-56).
-513
Let c(p) = 162*p**2 - 3081*p - 4. Calculate c(19).
-61
Let l(c) = c**3 - 12*c**2 - 2*c - 9. Give l(12).
-33
Let q(a) = -13*a**2 - 37*a - 27. Give q(-5).
-167
Let g(h) = -2*h**2 + 8*h - 21. Calculate g(12).
-213
Let v(w) = -25*w**3 - 33*w**2 - 56*w - 8. Give v(-2).
172
Let r(g) = g**2 - 21*g - 166. What is r(26)?
-36
Let q(j) = -65*j - 1753. Determine q(-27).
2
Let l(g) = 3*g**2 - 126*g + 609. Determine l(36).
-39
Let o(r) = 2*r**2 - 134*r - 564. Determine o(70).
-144
Let f(g) = -g**2 + 1310*g + 42945. Give f(-32).
1
Let d(t) = 21*t - 434. What is d(21)?
7
Let f(y) = y**2 - 103*y - 11387. What is f(170)?
3
Let l(k) = -71*k - 617. Give l(-8).
-49
Let i(c) = 60*c - 815. Calculate i(19).
325
Let y(f) = 72*f + 2751. Determine y(-38).
15
Let n(f) = -3*f**2 - 190*f + 6513. What is n(-88)?
1
Let t(k) = 3*k**3 - 92*k**2 - 25*k - 33. Give t(31).
153
Let m(g) = 2*g**2 + 2*g - 845. Determine m(20).
-5
Let g(q) = -12*q - 378. Calculate g(-30).
-18
Let x(l) = -4*l**2 - 89*l + 90. Determine x(1).
-3
Let y(l) = -154*l + 2147. Give y(14).
-9
Let z(c) = 19*c + 467. Determine z(-24).
11
Let q(u) = 333*u + 440. What is q(-2)?
-226
Let f(a) = -a**3 + 28*a**2 - 150*a + 72. Give f(21).
9
Let o(g) = -27*g - 1172. Calculate o(-29).
-389
Let f(q) = -9*q**3 - 18*q**2 - 7*q - 8. Calculate f(-2).
6
Let f(m) = -m**2 - 50*m - 153. Determine f(-13).
328
Let h(c) = 4*c + 77. Determine h(-4).
61
Let i(m) = 1818*m - 1845. Determine i(1).
-27
Let a(l) = -751*l - 9810. Calculate a(-13).
-47
Let d(t) = 2*t**3 - 145*t**2 + 77*t - 360. What is d(72)?
0
Let b(t) = -t**3 + 8*t**2 - 4*t - 46. Calculate b(-5).
299
Let r(y) = 40*y - 1475. Give r(36).
-35
Let c(v) = v**2 + 64*v + 972. Give c(-25).
-3
Let u(g) = -g**2 + 115*g + 347. Calculate u(-3).
-7
Let a(y) = -y**3 - 7*y**2 + 98*y + 717. Give a(-8).
-3
Let l(j) = j**3 + 7*j**2 + 5*j + 54. Determine l(-7).
19
Let w(n) = -28*n + 266. Give w(20).
-294
Let i(p) = 2*p**3 + 30*p**2 + 54*p + 741. Give i(-15).
-69
Let c(x) = -313*x + 2822. What is c(9)?
5
Let j(o) = 345*o - 946. Determine j(3).
89
Let m(f) = -f**2 + 44*f - 294. Calculate m(11).
69
Let w(y) = 2*y**2 + 177*y - 498. Give w(-91).
-43
Let g(h) = 2*h**3 - 19*h**2 - 9*h - 4. Determine g(10).
6
Let q(z) = -z**2 - 27*z + 56. Give q(-13).
238
Let s(w) = 15*w**2 + 64*w + 67. What is s(-1)?
18
Let o(x) = -9*x - 434. What is o(-23)?
-227
Let p(i) = 24*i**2 - 230*i + 5. Give p(10).
105
Let z(v) = -v**2 + 36*v - 95. Calculate z(29).
108
Let v(f) = f**2 + 243*f + 13762. Determine v(-90).
-8
Let w(m) = 149*m - 4145. Give w(28).
27
Let q(x) = x**3 - 11*x**2 + 2*x - 46. Calculate q(11).
-24
Let p(a) = 2*a**3 - 3*a**2 + 9*a - 13. What is p(5)?
207
Let j(c) = -768*c + 28417. Calculate j(37).
1
Let l(f) = 12*f**2 - 48*f - 257. Calculate l(-5).
283
Let i(y) = 41*y**2 - 3516*y - 855. What is i(86)?
5
Let h(g) = -17*g**2 + 125*g - 178. What is h(6)?
-40
Let k(y) = -y**2 + 849*y + 15593. Determine k(-18).
-13
Let n(l) = 38*l - 292. What is n(14)?
240
Let s(p) = -2*p**2 - 251*p - 5017. Give s(-25).
8
Let l(m) = -m**3 - 20*m**2 - 35*m - 155. Give l(-18).
-173
Let b(a) = 4*a**3 - 48*a**2 + 86*a - 65. Calculate b(10).
-5
Let t(s) = -29*s**2 + 20*s - 3. Calculate t(3).
-204
Let t(q) = 66*q + 240. Give t(-4).
-24
Let m(t) = 39*t**2 - 24*t - 10. Determine m(3).
269
Let a(n) = 526*n - 122030. Give a(232).
2
Let q(v) = v**3 + 3*v**2 - 12*v + 1. What is q(-5)?
11
Let q(j) = -38*j - 3032. What is q(-79)?
-30
Let v(o) = 34*o + 61. Calculate v(-1).
27
Let u(m) = -115*m - 982. Calculate u(-9).
53
Let q(r) = r**3 - r**2 - 21*r - 26. Calculate q(8).
254
Let d(v) = -15*v**3 + 16*v + 3. What is d(-3)?
360
Let w(g) = -g**3 - 12*g**2 - 20*g + 57. What is w(-9)?
-6
Let z(t) = -6*t**2 - 92*t + 52. What is z(-16)?
-12
Let b(z) = -4207*z + 8415. Give b(2).
1
Let l(c) = c**2 - 31*c + 56. Calculate l(33).
122
Let s(t) = -2*t**3 + 23*t**2 - 14*t - 2. Calculate s(6).
310
Let u(v) = v**3 - 11*v**2 + 5*v - 197. What is u(12)?
7
Let v(m) = 30*m - 745. Give v(26).
35
Let g(z) = 707*z + 1428. What is g(-2)?
14
Let p(c) = -321*c**2 + 640*c - 5. Determine p(2).
-9
Let w(m) = 3*m**3 - 3*m**2 - 3*m + 23. Calculate w(-4).
-205
Let o(b) = -12*b**2 + 219*b - 64. Give o(18).
-10
Let o(m) = m**3 - 4*m**2 + 11*m - 131. Determine o(6).
7
Let p(i) = -3*i**2 - 16*i. What is p(-4)?
16
Let b(o) = 6*o**3 + 497*o**2 - 83*o - 172. Give b(-83).
-172
Let p(i) = -3*i**3 - 80*i**2 - 127*i - 54. Determine p(-25).
-4
Let q(t) = -963*t - 36611. Give q(-38).
-17
Let f(p) = 75*p - 585. What is f(8)?
15
Let m(p) = -5*p**2 - 320*p - 1985. Calculate m(-57).
10
Let d(a) = -11*a - 705. Calculate d(-67).
32
Let g(j) = 322*j - 15453. Calculate g(48).
3
Let b(u) = -u**3 - 12*u**2 - 3*u - 211. What is b(-14)?
223
Let b(z) = 206*z**2 + 6*z + 9. Give b(-1).
209
Let r(q) = -59*q**2 + 1067*q - 42. Give r(18).
48
Let z(i) = 5*i**3 - 54*i**2 + 40*i - 564. Determine z(11).
-3
Let s(h) = -110*h**2 - 247*h + 6. Calculate s(-2).
60
Let v(c) = -c**2 + 25*c + 1438. Give v